ime factors of 1826?
2, 11, 83
What are the prime factors of 17128?
2, 2141
What are the prime factors of 136794?
2, 3, 7, 3257
List the prime factors of 894.
2, 3, 149
What are the prime factors of 2281?
2281
What are the prime factors of 78017?
78017
What are the prime factors of 2289?
3, 7, 109
List the prime factors of 28846.
2, 14423
List the prime factors of 11589.
3, 3863
List the prime factors of 773.
773
What are the prime factors of 25145?
5, 47, 107
What are the prime factors of 174906?
2, 3, 41, 79
List the prime factors of 2832.
2, 3, 59
What are the prime factors of 2056?
2, 257
List the prime factors of 3606.
2, 3, 601
List the prime factors of 2210.
2, 5, 13, 17
What are the prime factors of 1028?
2, 257
What are the prime factors of 27009?
3, 3001
What are the prime factors of 102765?
3, 5, 13, 17, 31
List the prime factors of 2617.
2617
List the prime factors of 26246.
2, 11, 1193
List the prime factors of 11033.
11, 17, 59
List the prime factors of 115206.
2, 3, 7, 13, 211
What are the prime factors of 1053?
3, 13
List the prime factors of 2578.
2, 1289
What are the prime factors of 15875?
5, 127
What are the prime factors of 1848?
2, 3, 7, 11
List the prime factors of 1317.
3, 439
List the prime factors of 1206.
2, 3, 67
List the prime factors of 22540.
2, 5, 7, 23
What are the prime factors of 19737?
3, 17, 43
List the prime factors of 923.
13, 71
What are the prime factors of 39541?
39541
List the prime factors of 710.
2, 5, 71
What are the prime factors of 6547?
6547
List the prime factors of 8012.
2, 2003
List the prime factors of 1647.
3, 61
What are the prime factors of 96441?
3, 17, 31, 61
List the prime factors of 6063.
3, 43, 47
List the prime factors of 76293.
3, 7, 173
List the prime factors of 1599.
3, 13, 41
What are the prime factors of 665?
5, 7, 19
What are the prime factors of 1052?
2, 263
What are the prime factors of 1270?
2, 5, 127
What are the prime factors of 14149?
14149
List the prime factors of 1387.
19, 73
List the prime factors of 9327.
3, 3109
What are the prime factors of 2888?
2, 19
What are the prime factors of 27038?
2, 11, 1229
What are the prime factors of 51814?
2, 7, 3701
What are the prime factors of 14808?
2, 3, 617
What are the prime factors of 469?
7, 67
List the prime factors of 76917.
3, 25639
List the prime factors of 579.
3, 193
List the prime factors of 9248.
2, 17
List the prime factors of 3766.
2, 7, 269
What are the prime factors of 1048?
2, 131
What are the prime factors of 40316?
2, 10079
List the prime factors of 3225.
3, 5, 43
List the prime factors of 1849.
43
What are the prime factors of 41268?
2, 3, 19, 181
What are the prime factors of 4660?
2, 5, 233
List the prime factors of 65917.
29, 2273
What are the prime factors of 47117?
7, 53, 127
What are the prime factors of 603?
3, 67
List the prime factors of 638.
2, 11, 29
What are the prime factors of 1193?
1193
What are the prime factors of 1427?
1427
List the prime factors of 122570.
2, 5, 7, 17, 103
What are the prime factors of 27859?
13, 2143
What are the prime factors of 30820?
2, 5, 23, 67
List the prime factors of 12716.
2, 11, 17
What are the prime factors of 22587?
3, 7529
What are the prime factors of 8609?
8609
List the prime factors of 11414.
2, 13, 439
List the prime factors of 328.
2, 41
List the prime factors of 34941.
3, 19, 613
What are the prime factors of 19371?
3, 11, 587
What are the prime factors of 44070?
2, 3, 5, 13, 113
What are the prime factors of 6693?
3, 23, 97
List the prime factors of 19442.
2, 9721
What are the prime factors of 2986?
2, 1493
What are the prime factors of 1688?
2, 211
List the prime factors of 689.
13, 53
What are the prime factors of 285?
3, 5, 19
List the prime factors of 745.
5, 149
What are the prime factors of 126978?
2, 3, 21163
What are the prime factors of 1488?
2, 3, 31
What are the prime factors of 15783?
3, 5261
What are the prime factors of 63?
3, 7
What are the prime factors of 29?
29
List the prime factors of 3716.
2, 929
What are the prime factors of 60?
2, 3, 5
List the prime factors of 2319.
3, 773
What are the prime factors of 11118?
2, 3, 17, 109
What are the prime factors of 42160?
2, 5, 17, 31
What are the prime factors of 1207?
17, 71
What are the prime factors of 821?
821
List the prime factors of 948.
2, 3, 79
What are the prime factors of 3846?
2, 3, 641
List the prime factors of 1705.
5, 11, 31
What are the prime factors of 533?
13, 41
List the prime factors of 13104.
2, 3, 7, 13
List the prime factors of 5841.
3, 11, 59
List the prime factors of 4181.
37, 113
What are the prime factors of 90203?
90203
What are the prime factors of 429?
3, 11, 13
What are the prime factors of 31172?
2, 7793
What are the prime factors of 1732?
2, 433
List the prime factors of 1717.
17, 101
List the prime factors of 2369.
23, 103
List the prime factors of 1536.
2, 3
List the prime factors of 2027.
2027
List the prime factors of 810.
2, 3, 5
What are the prime factors of 2213?
2213
List the prime factors of 1829.
31, 59
What are the prime factors of 20369?
20369
List the prime factors of 6644.
2, 11, 151
What are the prime factors of 121873?
17, 67, 107
List the prime factors of 445.
5, 89
List the prime factors of 23407.
89, 263
What are the prime factors of 947?
947
List the prime factors of 2616.
2, 3, 109
What are the prime factors of 989?
23, 43
List the prime factors of 21900.
2, 3, 5, 73
List the prime factors of 4373.
4373
List the prime factors of 8302.
2, 7, 593
List the prime factors of 16981.
16981
What are the prime factors of 33794?
2, 61, 277
List the prime factors of 47884.
2, 11971
List the prime factors of 43663.
47, 929
List the prime factors of 122067.
3, 11, 137
List the prime factors of 44985.
3, 5, 2999
What are the prime factors of 2537?
43, 59
List the prime factors of 542.
2, 271
What are the prime factors of 4469?
41, 109
List the prime factors of 18713.
18713
What are the prime factors of 1832?
2, 229
List the prime factors of 1449.
3, 7, 23
What are the prime factors of 12184?
2, 1523
List the prime factors of 116963.
7, 11, 31
What are the prime factors of 761?
761
What are the prime factors of 10036?
2, 13, 193
What are the prime factors of 895?
5, 179
List the prime factors of 104986.
2, 7, 7499
What are the prime factors of 18654?
2, 3, 3109
What are the prime factors of 1147?
31, 37
What are the prime factors of 3020?
2, 5, 151
List the prime factors of 1340.
2, 5, 67
List the prime factors of 128.
2
What are the prime factors of 982?
2, 491
What are the prime factors of 4689?
3, 521
What are the prime factors of 1163?
1163
List the prime factors of 1679.
23, 73
What are the prime factors of 10?
2, 5
List the prime factors of 1108.
2, 277
List the prime factors of 16897.
61, 277
What are the prime factors of 954?
2, 3, 53
What are the prime factors of 3595?
5, 719
What are the prime factors of 1478?
2, 739
What are the prime factors of 2145?
3, 5, 11, 13
List the prime factors of 5153.
5153
What are the prime factors of 55592?
2, 6949
What are the prime factors of 7101?
3, 263
List the prime factors of 61246.
2, 113, 271
What are the prime factors of 37422?
2, 3, 7, 11
List the prime factors of 1657.
1657
List the prime factors of 1180.
2, 5, 59
List the prime factors of 176615.
5, 35323
What are the prime factors of 9755?
5, 1951
List the prime factors of 7550.
2, 5, 151
List the prime factors of 47317.
47317
What are the prime factors of 10274?
2, 11, 467
List the prime factors of 2625.
3, 5, 7
What are the prime factors of 125326?
2, 223, 281
List the prime factors of 3242.
2, 1621
What are the prime factors of 3059?
7, 19, 23
What are the prime factors of 40528?
2, 17, 149
List the prime factors of 40944.
2, 3, 853
List the prime factors of 24909.
3, 19, 23
List the prime factors of 3837.
3, 1279
What are the prime factors of 5033?
7, 719
List the prime factors of 434.
2, 7, 31
What are the prime factors of 2820?
2, 3, 5, 47
What are the prime factors of 873?
3, 97
List the prime factors of 1731.
3, 577
List the prime factors of 3067.
3067
What are the prime factors of 676?
2, 13
List the prime factors of 496.
2, 31
List the prime factors of 117984.
2, 3, 1229
What are the prime factors of 3885?
3, 5, 7, 37
List the prime f